se -6*m + m + j = v. What is the units digit of m?
2
Suppose 0 = -2*x - 4*y + 198, -2*y = -0*y + 2. What is the hundreds digit of x?
1
Let b(w) = -3*w**3 - w**2 - 2*w + 11. What is the tens digit of b(-4)?
9
Suppose w - 2*w + 5 = 0. Suppose 54 = w*a + 9. What is the units digit of a?
9
Let z = -5 + 14. Let x = 1 + z. What is the units digit of x?
0
Let y(u) = -u**3 - 3*u**2 - 3*u - 4. Let f be y(-3). Suppose -50 = -0*h - f*h. Let p = h - 5. What is the units digit of p?
5
Let v(o) = -5*o - 4. What is the tens digit of v(-9)?
4
Let j be 2/7 + (-12)/(-7). Let n(z) = 2 + j*z - 5*z + z**3 - 6*z**2 - 12 - z. What is the tens digit of n(7)?
1
Let t = -18 - -30. Let j = t - 5. What is the units digit of j?
7
What is the units digit of ((-15)/(-6))/((-1)/(-14))?
5
Suppose 2*s - 7*s + 373 = w, w + 2 = 0. What is the units digit of s?
5
Let v(i) be the third derivative of 3/2*i**3 - 1/4*i**4 + 2*i**2 + 1/60*i**5 + 0*i + 0. What is the units digit of v(6)?
9
Let c = 77 - 47. Let a = -13 + c. What is the units digit of a?
7
Suppose 0 = -5*k + 88 + 22. What is the units digit of k?
2
Let i be 93/12*-2*-2. Suppose -2*d + 0*d = 3*o - 88, -o - d = -i. What is the units digit of o?
6
Let n(r) = 4*r**3 - r**2 + 2*r - 1. Let v be n(2). Let g be (0 - 30)*(-2)/5. Let c = v - g. What is the tens digit of c?
1
Suppose -3*s + 4 = 1. Let z(k) = 4*k - 1. What is the units digit of z(s)?
3
Let r = 765 - 441. What is the tens digit of r?
2
Let d = -14 + 15. What is the tens digit of 2 + (-1 - d) + 20?
2
What is the tens digit of (5 + (-1 - 3))*11?
1
Suppose 16 = -3*t + 28. Let c(l) = l**2 - 4*l - 2. Let j be c(-3). Let m = j - t. What is the tens digit of m?
1
Suppose 12 = 5*c - 2*n - 76, -76 = -4*c + 3*n. What is the tens digit of 2 + 1 - (3 - c)?
1
Let c(v) = -2*v**3 + 2 - 3*v**3 + 3*v**2 + 6*v**3. Suppose 0 = -2*z + 2 - 8. What is the units digit of c(z)?
2
Suppose -204 = c - 7*c. Let k(s) = 52*s**2 - 2*s - 1. Let m be k(-1). Let p = m - c. What is the units digit of p?
9
Let p = 182 - 65. What is the hundreds digit of p?
1
Suppose -o - 11 = -10*d + 5*d, d + 4*o + 2 = 0. Suppose -u + d*u = 12. Suppose 2 + 2 = a - 2*j, 3*a + j = u. What is the units digit of a?
4
Let u = 14 - 10. Suppose -u*d = -12 - 72. What is the tens digit of d?
2
Let k(h) = -h**2 + 3*h + 1. Let s be 2/(-5) - (-12)/5. Suppose s*m + 1 = 7. What is the units digit of k(m)?
1
Let h = 16 - -13. Let d = h - -6. What is the tens digit of d?
3
Suppose -2*z = -z, 0 = -5*c - z + 15. Suppose 0 = -c*x - 2*x + 25. Suppose 7 = 4*s - x*t, 3*t - 12 = -2*s - 3. What is the units digit of s?
3
Let l(y) = 6*y**3 - 2*y**2 + 4*y - 3. Let c be l(2). Let n(s) = -s**3 + 5*s**2 - 4*s - 1. Let w be n(3). Suppose -115 = -w*r - c. What is the units digit of r?
4
Let z = 497 + -198. What is the units digit of z?
9
Let a(n) = -n**2 + 6*n + 2. Let r(m) = 1. Let f(u) = -a(u) + 4*r(u). Let q be f(6). Suppose 17 = q*i - 9. What is the tens digit of i?
1
Let y be 2/(-9) - 102/27. What is the units digit of (-132)/y + 0 + 1?
4
Let k be -1 + 4/((-6)/(-3)). Let f be -1 - 3 - k*-2. What is the units digit of (-1)/1*14/f?
7
Suppose 39 + 27 = 2*v. What is the tens digit of v?
3
Let j be 3/(-2*(-6)/(-8)). Let s = 2 + j. Let l(o) = -o + 9. What is the units digit of l(s)?
9
Let n = 2 + 3. Let t(s) = s**2 - 5*s + 3. Let w be t(n). Suppose 0 = -w*y + 17 + 1. What is the units digit of y?
6
Suppose 4*r + 36 - 92 = 0. What is the units digit of 32*(-7)/(r/(-3))?
8
Suppose 0*k - 5*k = -4*f - 38, -2*k = 5*f - 2. Suppose 3*t + i = 2*i - k, 5*t = -5*i - 10. What is the units digit of t/(-8) - (-3)/4?
1
Let p be 0/(-1) - 2 - 1. Let c(b) = -2*b + 29. Let x(o) = o - 14. Let g(s) = p*c(s) - 7*x(s). What is the units digit of g(5)?
6
Let c be (3/3)/((-1)/(-3)). Let o be -4 - c/(-3)*3. Let r = o + 4. What is the units digit of r?
3
Suppose -b + 130 = u, 3*b + 2*u = 81 + 314. Suppose 6*c = 3*c - 3*m + b, -5*c = 4*m - 224. What is the units digit of c?
4
Suppose -4*d + 117 = -q, -32 = -d + 3*q - 11. What is the tens digit of d?
3
Let z(i) = i**3 - 7*i**2 - 8*i - 7. Let b be z(8). Let a = -11 - b. What is the tens digit of ((-8)/(-12))/(a/(-78))?
1
Suppose 5 = -2*n - 1. What is the units digit of 1/(-3) + (-34)/n?
1
Let x(o) = o - 4. What is the units digit of x(5)?
1
Let m(w) = 3*w**2 - 4*w - 3. Let o be m(-2). Let k = o - 10. What is the units digit of k?
7
Suppose 0 = w - 15 - 5. Suppose -4*a - h = 3*h - w, 15 = 3*a - h. What is the units digit of a?
5
Let j(v) = -v**2 + v + 27. Let b be j(0). Let o = b + -6. What is the tens digit of o?
2
Let b = 1 + 9. What is the tens digit of b?
1
Let i be (4 - 28)*(-2)/3. Let n = i - 8. What is the units digit of (-35)/(-20) - (-2)/n?
2
Let y be (-106)/10 - 2/5. Let a = 16 + y. What is the units digit of a?
5
Suppose f - 65 = -2*x - 4*f, 3*f - 120 = -3*x. What is the units digit of x?
5
Let p(h) = h**3 - 2*h**2 - 28*h + 2. What is the tens digit of p(8)?
6
Suppose 2*u = -2*t - 8, -3*u + 5*t + 25 - 5 = 0. Suppose u = 7*g - 2*g - 85. What is the units digit of g?
7
Let i = -6 - 10. Let r = 28 + i. What is the tens digit of r?
1
Suppose 0 = -4*j + 4, 0 = -4*v + 5*j + 420 + 555. What is the hundreds digit of v?
2
Let n = 83 + -44. What is the units digit of n?
9
Let r(x) = -2*x + 4*x + 10 - 2 + 3*x. Let p be r(7). Suppose -3*k - 9 = 2*g - p, -2*g + 6 = -4*k. What is the units digit of g?
1
Suppose p - 6*p = 3*d - 13, 2*p = -d + 3. Let j = 8 + d. What is the tens digit of j?
1
Let w(q) = -q**3 + 7*q**2 + 8*q + 4. Let u be w(8). Suppose -u*h - 4 + 2 = -t, -t + 1 = -3*h. Let g = 3 + h. What is the units digit of g?
2
Suppose -6*u = -5*u - 2. Let y = -13 - -9. What is the tens digit of ((-30)/y)/(1/u)?
1
Let a(l) be the second derivative of -l**5/20 - 3*l**4/4 - 4*l**3/3 + 11*l**2/2 + 5*l. What is the tens digit of a(-8)?
1
Let k be (1 + 0 + 1)/1. Let p be -3 + -2 + 3/3. What is the units digit of 6/(-4)*p/k?
3
What is the tens digit of (-8)/(-6) + (-944)/(-48)?
2
Suppose 0 = 9*h - 4*h - 3*i - 390, -395 = -5*h + 2*i. What is the tens digit of h?
8
Suppose -5*c + 21 = 1. What is the units digit of (c/(-2) - -4) + -1?
1
Let s = 25 + -18. What is the units digit of s?
7
Suppose -12 = -4*s + 3*s. What is the units digit of s/(-9)*3/(-2)?
2
Let y = 1 - -6. Suppose 4*s - 5 = y. Suppose m + s*m = 24. What is the units digit of m?
6
Let v be 273 + (-3)/9*-6. Suppose 5*q - v = -0*q. What is the tens digit of q?
5
Let t be (-80)/(-45) + 4/18. Let w(g) = g**2 - g - 2. Let z be w(t). Suppose 5*v - 2 - 8 = z. What is the units digit of v?
2
Suppose -24 = -f + 4. Suppose -5*u = 2*i - f, 2 + 2 = -i + 2*u. Suppose -i*n = -n + s - 27, 4*s - 27 = -3*n. What is the units digit of n?
9
Let h = -10 - -7. Suppose 6*b - 20 = 4*b. Let y = b + h. What is the units digit of y?
7
Let o(g) = -g**2 + 14. Let l(a) = -5. Let c(y) = -11*l(y) - 4*o(y). Let f be -2 - 0/(-4 - -3). What is the tens digit of c(f)?
1
What is the units digit of (-5562)/(-99) - 2/11?
6
Let p(w) = 4*w**3 - w**2 + 2*w - 4. Let x be p(2). Let c = x - 6. What is the tens digit of c?
2
Let s(l) = -5*l + 8. Let h(k) = -k + 1. Let r(v) = -6*h(v) + s(v). Let b be r(2). Suppose b = o - 2*z, 3*o - z + 3 = 20. What is the units digit of o?
6
Suppose m + 0*z = 2*z + 7, -5*z = -m + 4. Suppose 4*d - m = -1. Suppose 0 = -5*f - 4*j + 41, -2*f - d*f = -3*j - 8. What is the units digit of f?
5
Suppose 232 + 620 = 4*l. What is the hundreds digit of l?
2
Let j = -3 + 232. What is the hundreds digit of j?
2
Suppose -4*w + 3*w - 14 = 0. Let b = w + 31. What is the tens digit of b?
1
Let j be (-10)/(1/(-2)*2). Suppose 0*n - 5*n = 0. Suppose -4*z = -n*k - 2*k - 10, j = -k + 3*z. What is the units digit of k?
5
Let k(g) = 6 + 5 - 10*g**2 + g**3 + 2. What is the units digit of k(10)?
3
Suppose -5*w + d + 45 = 0, -6*w = -4*w - d - 18. What is the units digit of w?
9
Suppose 5*y = 2*c + 15, 4*y - 6*c - 24 = -2*c. Suppose -5*t + 10 = -0*t. What is the tens digit of t/(4/y)*20?
1
Suppose 2*p + p - 12 = -3*a, 3*p - 2*a - 27 = 0. Let x = 33 + p. What is the tens digit of x?
4
Suppose -w + 10 = 2*w - 5*d, 2*w + 30 = -4*d. Let z(v) = -v**3 - 4*v**2 - 7. What is the units digit of z(w)?
8
Suppose -i - 4*o = i - 116, -o - 139 = -3*i. What is the tens digit of i?
4
Suppose 0 = 4*s - 61 - 79. Suppose 0*f - 61 =